e -10 = -2*y - t*y. Calculate the remainder when 59 is divided by k(y).
19
What is the remainder when (63 - (3 + -2))/(7 + -5) is divided by 8?
7
Let t(r) = r**2 + r - 21. Calculate the remainder when t(-7) is divided by 6.
3
Let a be 956/14 + 2/(-7). Let x = a - 48. Calculate the remainder when 58 is divided by x.
18
Let r be (0/(3/1))/(-1). Suppose -d - 7 = 5*o - 59, r = -d - 2*o + 46. Let k = d - 30. What is the remainder when 22 is divided by k?
10
Let g(o) = -2*o + 59. What is the remainder when 32 is divided by g(25)?
5
Suppose -62 = 2*b + 2*b + g, 3*g + 58 = -4*b. Let v = b - -28. Calculate the remainder when 22 is divided by v.
10
Let w = 148 - 69. Calculate the remainder when w is divided by 16.
15
Suppose 2*s - 7*s = -15. Suppose j - 2*l - 34 = 0, 5*l = s*j - 0*l - 99. Calculate the remainder when j is divided by 5.
3
What is the remainder when 112 is divided by (-10)/(-25) - 93/(-5)?
17
Let m = 10 + -1. What is the remainder when 33 is divided by m?
6
Let y be 0 - (-2 - -40) - 2. Let u = -29 - y. What is the remainder when 20 is divided by u?
9
Let g(r) be the second derivative of r**4/3 + r**3/6 + 2*r. Suppose -9 - 7 = -2*b. What is the remainder when b is divided by g(-1)?
2
Suppose 10*l = 5*l + 5. Let w(z) = -10*z**3 - z**2 + z. Let s be w(l). Calculate the remainder when 124/6*(-15)/s is divided by 11.
9
What is the remainder when 2 - (4 - 0) - (-114 + 3) is divided by 28?
25
Let u(t) = 23*t**3 + t**2 - 3*t. Calculate the remainder when u(2) is divided by 37.
34
Let o(a) = -a**2 - 11*a + 1. Let u(l) = -l**3 + 6*l**2 - 7*l - 1. Let x be u(5). What is the remainder when 1 is divided by o(x)?
0
Suppose 69 + 1 = 5*x. Calculate the remainder when 67 is divided by x.
11
Let s(x) = 2*x + 5. Let z be s(3). Suppose -4*o + z = -w - 86, -4*w - 100 = -4*o. Calculate the remainder when 94 is divided by o.
22
Let y = 181 + -109. What is the remainder when y is divided by 25?
22
Calculate the remainder when 26 is divided by (-2)/7 - (-561)/77.
5
Suppose -3*n + 19 = 2*n + 4*f, -4*n - f + 13 = 0. Calculate the remainder when n is divided by 1.
0
Suppose -124 = -3*u + 68. Calculate the remainder when u is divided by 17.
13
Suppose 5*z = 31 - 11. Let h be 50/10*z/5. What is the remainder when h/(-10) - (-62)/5 is divided by 5?
2
Suppose 3*z = w + 7*z - 34, 5*z - 103 = -4*w. Let x = -16 + w. Suppose 40 = o + x. Calculate the remainder when o is divided by 12.
10
Suppose 2 - 18 = -2*g + j, 0 = -j - 4. What is the remainder when 10 is divided by g?
4
Let o(t) = -t**3 + 7*t**2 + 6*t + 9. Let l be o(8). Let f(s) = -11*s - 8. Let v be f(l). Let q = v - 20. Calculate the remainder when q is divided by 17.
15
Suppose 6*n = 11*n - 50. What is the remainder when 27 is divided by n?
7
Let z(h) = -h**3 + 34*h**2 - 34*h + 37. What is the remainder when 35 is divided by z(33)?
3
Suppose -k + 0*k = -16. Let t(i) = 0 - 9*i + 4 - 1. What is the remainder when t(-3) is divided by k?
14
Suppose -m - 2 + 11 = 0. Calculate the remainder when 34 is divided by m.
7
Let v = -99 - -140. What is the remainder when v is divided by 14?
13
Suppose 0*r - 12 = -6*r. What is the remainder when r is divided by 1?
0
Let m(o) = 2*o**3 + 2 - 2*o + 6*o**2 - o**3 + 0*o + o. Calculate the remainder when 22 is divided by m(-6).
6
Suppose 0 = -k + 10 + 5. Suppose -72 = -3*w + 9. Calculate the remainder when w is divided by k.
12
Suppose 5*r - 70 = 2*y + 28, 4*r - 76 = 4*y. Let z = -11 + r. Suppose 2*w + d - 65 = 0, 3*w - 25 = 3*d + 77. What is the remainder when w is divided by z?
6
Let i(p) = -4*p. Let o(h) = -h**3 + 7*h**2 + 10*h - 11. Calculate the remainder when o(8) is divided by i(-1).
1
Let g(m) = -m + 3*m - 66*m**3 - 1 - 4*m. Let z be 1/((-1)/(-2)*-2). Calculate the remainder when g(z) is divided by 23.
21
Suppose 13 = -4*p + 97. Suppose 0 = -2*l - 2*d + 18, -l - 3*d = -0*l - 15. Calculate the remainder when p is divided by l.
3
Suppose 3*o = 3*p - 78, 0 = -4*p + 5*p + 4*o - 31. Calculate the remainder when 106 is divided by p.
25
Suppose 0 = -4*u + 71 + 9. Let m = -27 - u. Let v = 72 + m. What is the remainder when v is divided by 9?
7
Suppose 0*b + 3*b = 15. Suppose 0 = h - b*g + 3*g + 5, 2*h + 2*g - 14 = 0. Suppose -2*n - 34 = -h*n. What is the remainder when n is divided by 18?
16
Suppose -5*h + 2*h + 63 = 0. Let o = -55 - -96. What is the remainder when o is divided by h?
20
Suppose 0 = -4*u + 29 + 139. Suppose -3*v = -24 - u. Calculate the remainder when v is divided by 6.
4
Let j(m) = m + 1. Let f = 5 - 4. Let z be j(f). Calculate the remainder when 53 is divided by 21/z*12/7.
17
Let b(p) = p**3 + 2*p**2 - p + 3. Let x be b(3). Suppose 130 - x = 5*w. What is the remainder when w is divided by 9?
8
Suppose 4*y + 0 = 8. Calculate the remainder when 15 is divided by 1/2 + 15/y.
7
Suppose -m - 3*m + 88 = 4*x, 2*m + 3*x - 46 = 0. What is the remainder when m is divided by 7?
6
Let a = 0 + 5. Suppose 2*v - 2*p = -3*p, 0 = -v - 3*p - a. Calculate the remainder when (2*-1)/(v/(-8)) is divided by 6.
4
Let s(b) = 2*b + 7. Let o be -18*(-1 + 1/(-2)). Suppose -12 = -i - p, 5*i - 5*p - o + 7 = 0. Calculate the remainder when s(8) is divided by i.
7
Let y be 0 - 1*(-3)/3. Suppose -y - 5 = 3*c. Calculate the remainder when (-1)/(c/(-6))*-14 is divided by 22.
20
Let c(b) = b + 8. Let v be c(0). Suppose 20 = v*n - 3*n. Suppose 0 = 3*d - n*i - 95, -4*d - 3*i - 9 = -144. What is the remainder when d is divided by 17?
16
Suppose -84 = 3*b - 10*b. What is the remainder when 33 is divided by b?
9
What is the remainder when (-8)/4 + 56 - 0 is divided by 11?
10
What is the remainder when 48 is divided by (7 - 5) + (14 - (-1 + 0))?
14
Let f(z) = z**2 - 8*z - 11. What is the remainder when 184 is divided by f(12)?
36
Let b(j) = -15*j**3 - 2*j**2 - j - 1. Calculate the remainder when 76 is divided by b(-1).
11
Suppose -9*x + 129 - 48 = 0. What is the remainder when 10 is divided by x?
1
Suppose 5*y - 115 = -0*x + 5*x, 44 = 2*y - 4*x. Let m = -7 + y. Suppose 3*t + 0*t - 27 = 0. What is the remainder when m is divided by t?
8
Suppose 5*a - 3*o + 0*o - 128 = 0, 2*a = 4*o + 40. Calculate the remainder when 166 is divided by a.
26
Let c = 32 + -20. Calculate the remainder when 23 is divided by c.
11
Let k be 8*3/((-6)/(-4)). Suppose -10 - k = -2*d. Suppose 3*u + 16 = 5*v, -2*v - 2*u = -18 + 2. What is the remainder when d is divided by v?
3
Let w(z) = -z**2 + 10*z + 7. Calculate the remainder when w(7) is divided by 16.
12
Let h(z) = 89*z**2 - 1. Let x be h(1). Suppose -4*c = 4*k - 0*k - 660, -k = -2*c - 153. Let b = k - x. Calculate the remainder when b is divided by 25.
23
Let k be -2 + 1 + 1/1. Let w be (k - -1)/(4/(-12)). What is the remainder when 37 is divided by (-2 - w - -12)*1?
11
Let l(x) = 6*x + 4. Let j be l(3). Let o = j + -2. Suppose 29 = 4*a - 5*f, 0 = -4*a - a + 3*f + o. Calculate the remainder when 1 is divided by a.
0
Suppose i + 0 + 32 = 4*z, -3*z = -3*i - 33. Suppose z*s = 2*s - 3*f + 60, 5*s + f = 60. What is the remainder when (-9)/(-36) - 179/(-4) is divided by s?
9
Suppose w - 92 = -0*f - 3*f, 204 = 2*w + f. Suppose 1 = -z + 5, 4*o - 4*z = w. What is the remainder when o is divided by 8?
6
Suppose 18 = 5*g + g. Suppose 2*v - g*b = -1 + 15, -29 = -v - 4*b. What is the remainder when v is divided by 5?
3
Let o(v) = -2*v**2 + 3*v - 5. Let i = -8 + 4. Let m be o(i). Let r = -26 - m. What is the remainder when r is divided by 12?
11
Suppose -4*h - 3*c + 59 = 0, 38 + 3 = 3*h - c. Suppose v + 0*v - h = -2*r, -82 = -5*v + 2*r. Calculate the remainder when v is divided by 9.
7
Let i = 24 - 13. What is the remainder when 21 is divided by i?
10
Suppose -48 = 3*c - 0*c. Calculate the remainder when -1 - 1 - (c - 1) is divided by 4.
3
Suppose -22 = -5*j + 53. Let k = 10 + -20. Let s = j + k. Calculate the remainder when 18 is divided by s.
3
What is the remainder when 51 is divided by -55*(-6 - 29/(-5))?
7
Let f(w) = 4*w + 1. What is the remainder when 35 is divided by f(5)?
14
Let n(w) = w**3 - 11*w**2 - 10*w + 12. Calculate the remainder when n(12) is divided by 13.
10
Let r(u) = -u + 4. Let q be r(4). Suppose q*z = -4*z + 8. Calculate the remainder when 4 is divided by z.
0
Suppose k - 1 + 9 = 0. What is the remainder when 34 is divided by 1*2 - (k - 2)?
10
Let r(b) be the second deriv